{"id":40,"date":"2015-07-22T17:15:04","date_gmt":"2015-07-22T17:15:04","guid":{"rendered":"http:\/\/binaerwerkstatt.de\/private\/wordpress-ulli\/?page_id=40"},"modified":"2026-04-27T10:44:09","modified_gmt":"2026-04-27T10:44:09","slug":"referenzprojekte","status":"publish","type":"page","link":"http:\/\/www.schulte-gutachten.net\/site\/referenzprojekte\/","title":{"rendered":"Erfahrung"},"content":{"rendered":"<hr \/>\n<p>Ich bearbeite Auftr\u00e4ge f\u00fcr Ministerien, Bundes- und Landesbeh\u00f6rden, Landkreise, St\u00e4dte und Gemeinden, Unternehmen, Verb\u00e4nde, Stiftungen und Privatleute in ganz Deutschland sowie in angrenzenden Regionen.<\/p>\n<h4><span style=\"color: #008080;\"><strong>Beh\u00f6rden \/ \u00d6ffentliche Einrichtungen<br \/>\n<\/strong><\/span><\/h4>\n<ul>\n<li><em>Bayerisches Landesamt f\u00fcr Umwelt<\/em><\/li>\n<li><em>Bundesamt f\u00fcr Naturschutz (BfN)<\/em><\/li>\n<li><em>Bundesanstalt f\u00fcr Stra\u00dfenwesen (BASt)<\/em><\/li>\n<li><em>Bundesministerium f\u00fcr Umwelt, Naturschutz und Reaktorsicherheit (BMUB)<\/em><\/li>\n<li><em>Dienstleistungszentrum L\u00e4ndlicher Raum Mosel (DLR Mosel)<\/em><\/li>\n<li><em>Institut fir Biologesch Landwirtschaft an Agrarkultur a.s.b.l. (IBLA Luxemburg)<br \/>\n<\/em><\/li>\n<li><em>Kreis Wesel<\/em><\/li>\n<li><em>Landesamt f\u00fcr Natur, Umwelt und Verbraucherschutz Nordrhein-Westfalen (LANUV)<\/em><\/li>\n<li><em>Landesanstalt f\u00fcr Umwelt Baden-W\u00fcrttemberg (LUBW)<\/em><\/li>\n<li><em>Landesamt f\u00fcr Umwelt Rheinland-Pfalz\u00a0(LfU)<\/em><\/li>\n<li><em>Landesbetrieb Liegenschafts- und Baubetreuung Niederlassung Trier<\/em><b><\/b><\/li>\n<li><em>Landesbetrieb Mobilit\u00e4t Rheinland-Pfalz (LBM RP)<\/em><\/li>\n<li><em>Landesbetrieb Stra\u00dfenbau NRW<\/em><\/li>\n<li><em>Landkreis Emsland<\/em><\/li>\n<li><em>Landkreis Vechta<\/em><\/li>\n<li><em>Luxembourg Institute of Science and Technology (LIST)<\/em><\/li>\n<li><em>Nationales Naturhistorisches Museum Luxemburg<\/em><\/li>\n<li><em>Nieders\u00e4chsische Landesbeh\u00f6rde f\u00fcr Stra\u00dfenbau und Verkehr (NLStBV)<br \/>\n<\/em><\/li>\n<li><em>Nieders\u00e4chsischer Landesbetrieb f\u00fcr Wasserwirtschaft, K\u00fcsten- und Naturschutz (NLWKN)<\/em><\/li>\n<li><em>Ortsgemeinde Fell<\/em><\/li>\n<li><em>Ortsgemeinde F\u00f6hren<\/em><\/li>\n<li><em>Regierung von Schwaben<\/em><\/li>\n<li><em>Regierungspr\u00e4sidium Kassel<\/em><\/li>\n<li><em>Rhein-Sieg-Kreis, Projekt chance7<\/em><\/li>\n<li><em>Stadt Bitburg<\/em><\/li>\n<li><em>Stadt Hildesheim<\/em><\/li>\n<li><em>Stadt Landau in der Pfalz<\/em><\/li>\n<li><em>Stadt Monheim am Rhein<\/em><\/li>\n<li><em>Stadt Trier<\/em><\/li>\n<li><em>Stadt Wittlich<\/em><\/li>\n<li><em>Umweltamt Stadt G\u00fctersloh<\/em><\/li>\n<li><em>Universit\u00e4t Osnabr\u00fcck<\/em><\/li>\n<li><em>Universit\u00e4t Trier<\/em><\/li>\n<li><em>Verbandsgemeinde Schweich<\/em><\/li>\n<\/ul>\n<h4><span style=\"color: #008080;\"><strong>Unternehmen<\/strong><\/span><\/h4>\n<ul>\n<li><em>Arbeitsgruppe f\u00fcr Tier\u00f6kologie und Planung J\u00fcrgen Trautner<\/em><\/li>\n<li><em>Baader Konzept GmbH<\/em><\/li>\n<li><em>B\u00fcro f\u00fcr angewandte Geobotanik und Landschafts\u00f6kologie (BaGL), Dr. Karsten Horn<\/em><\/li>\n<li><em>B\u00fcro f\u00fcr Landschaftsplanung, \u00d6kologie und Umweltforschung Marcel Heinrichsdorff<\/em><\/li>\n<li><em>B\u00dcRO STRIX Naturschutz und Freiland\u00f6kologie<\/em><\/li>\n<li><em>BGHplan Umweltplanung und Landschaftsarchitektur GmbH<br \/>\n<\/em><\/li>\n<li><em>BMS \u2013 Umweltplanung Bl\u00fcml, Sch\u00f6nheim &amp; Sch\u00f6nheim GbR<\/em><\/li>\n<li><em>Cabooter Railterminal Kaldenkirchen GmbH<\/em><\/li>\n<li><em>Claus Schmidtke Baustoffe GmbH<br \/>\n<\/em><\/li>\n<li><em>Cochet &amp; Consult GbR<\/em><\/li>\n<li><em>Depenbrock Bau GmbH &amp; Co. KG<\/em><\/li>\n<li><em>Deutsche Bahn Engineering &amp; Consulting (DB E &amp; C)<\/em><\/li>\n<li><em>Deutsche Bahn InfraGo<\/em><\/li>\n<li><em>Dreher+Sudhoff Ingenieurplanung GbR<\/em><\/li>\n<li><em>Emsland Transportbeton GmbH &amp; Co. KG<\/em><\/li>\n<li><em>Family Park Luxemburg<\/em><\/li>\n<li><em>Faunistische Gutachten Dipl.-Geogr. Michael Schwartze<\/em><\/li>\n<li><em>FMO Flughafen M\u00fcnster\/Osnabr\u00fcck GmbH<\/em><\/li>\n<li><em>formica GmbH<\/em><\/li>\n<li><em>Franz Kaminiski Waggonbau GmbH<br \/>\n<\/em><\/li>\n<li><em>GFM-Umwelttechnik GmbH &amp; Co. KG<\/em><\/li>\n<li><em>GOLDBECK Nord GmbH<\/em><\/li>\n<li><em>G\u00d6G &#8211; Gruppe f\u00fcr \u00f6kologische Gutachten GmbH<\/em><\/li>\n<li><em>Graevendal GbR \u2013 B\u00fcro f\u00fcr Faunistik und \u00d6kologie<\/em><\/li>\n<li><em>H\u00f6ke Landschaftsarchitektur \/ Umweltplanung GbR<\/em><\/li>\n<li><em>HPC Harress Pickel Consult AG<\/em><\/li>\n<li><em>Ingenieurb\u00fcro f\u00fcr Landschaftsplanung Arnd Faulenbach<\/em><\/li>\n<li><em>Institut f\u00fcr Umweltstudien-IUS Weibel &amp; Ness GmbH<\/em><\/li>\n<li><em>J\u00e4ger GmbH<\/em><\/li>\n<li><em>Kortemeier Brokmann Landschaftsarchitekten GmbH<\/em><\/li>\n<li><em>Landes Gartenschau Landau 2015 gemeinn\u00fctzige GmbH<\/em><\/li>\n<li><em>\u00f6Kon &#8211; Angewandte \u00d6kologie und Landschaftsplanung GmbH<\/em><\/li>\n<li><em>Planungsb\u00fcro STERNA, Stefan Sudmann<br \/>\n<\/em><\/li>\n<li><em>RAG Montan Immobilien<\/em><\/li>\n<li><em>Railcon Technologies GmbH<\/em><\/li>\n<li><em>Rhein-Sieg-Abfallwirtschaftsgesellschaft mit beschr\u00e4nkter Haftung (RSAG)<\/em><\/li>\n<li><em>Smals IKW B.v., Koninklijke Smals, Nederland<\/em><\/li>\n<li><em>Spang Fischer Natzschka GmbH<\/em><\/li>\n<li><em>Stadtwerke Wittlich<\/em><\/li>\n<li><em>SWT B\u00e4der GmbH, Trier<\/em><\/li>\n<li><em>SWT Stadtwerke Trier Versorgungs-GmbH<\/em><\/li>\n<li><em>Unnaer Kreis-Bau- und Siedlungsgesellschaft mbH (UKBS)<\/em><\/li>\n<li><em>Wertkreis G\u00fctersloh gGmbH<\/em><\/li>\n<\/ul>\n<h4><span style=\"color: #008080;\"><strong>Vereine \/ Verb\u00e4nde \/ Stiftungen<\/strong><\/span><\/h4>\n<ul>\n<li><em>Aggerverband, Gummersbach <\/em><\/li>\n<li><em>Biologische Station im Rhein-Sieg-Kreis e.V. <\/em><\/li>\n<li><em>Deutsches Zentrum f\u00fcr Luft- und Raumfahrt e. V. (DLR)<\/em><\/li>\n<li><em>Deutsche Bundesstiftung Umwelt (DBU)<\/em><\/li>\n<li><em>Deutsche Gesellschaft f\u00fcr Herpetologie und Terrarienkunde e.V. (DGHT)<\/em><\/li>\n<li><em>Naturschutzzentrum Gelderland<\/em><\/li>\n<li><em>Umweltstiftung G\u00fctersloh<\/em><em><br \/>\n<\/em><\/li>\n<\/ul>\n","protected":false},"excerpt":{"rendered":"<p>Ich bearbeite Auftr\u00e4ge f\u00fcr Ministerien, Bundes- und Landesbeh\u00f6rden, Landkreise, St\u00e4dte und Gemeinden, Unternehmen, Verb\u00e4nde, Stiftungen und Privatleute in ganz Deutschland sowie in angrenzenden Regionen. Beh\u00f6rden \/ \u00d6ffentliche Einrichtungen Bayerisches Landesamt f\u00fcr Umwelt Bundesamt f\u00fcr Naturschutz (BfN) Bundesanstalt f\u00fcr Stra\u00dfenwesen (BASt) Bundesministerium f\u00fcr Umwelt, Naturschutz und Reaktorsicherheit (BMUB) Dienstleistungszentrum L\u00e4ndlicher Raum Mosel (DLR Mosel) Institut fir &hellip; <a href=\"http:\/\/www.schulte-gutachten.net\/site\/referenzprojekte\/\" class=\"more-link\"><span class=\"screen-reader-text\">Erfahrung<\/span> weiterlesen <span class=\"meta-nav\">&rarr;<\/span><\/a><\/p>\n","protected":false},"author":1,"featured_media":0,"parent":0,"menu_order":0,"comment_status":"closed","ping_status":"open","template":"","meta":{"footnotes":""},"class_list":["post-40","page","type-page","status-publish","hentry"],"_links":{"self":[{"href":"http:\/\/www.schulte-gutachten.net\/site\/wp-json\/wp\/v2\/pages\/40","targetHints":{"allow":["GET"]}}],"collection":[{"href":"http:\/\/www.schulte-gutachten.net\/site\/wp-json\/wp\/v2\/pages"}],"about":[{"href":"http:\/\/www.schulte-gutachten.net\/site\/wp-json\/wp\/v2\/types\/page"}],"author":[{"embeddable":true,"href":"http:\/\/www.schulte-gutachten.net\/site\/wp-json\/wp\/v2\/users\/1"}],"replies":[{"embeddable":true,"href":"http:\/\/www.schulte-gutachten.net\/site\/wp-json\/wp\/v2\/comments?post=40"}],"version-history":[{"count":195,"href":"http:\/\/www.schulte-gutachten.net\/site\/wp-json\/wp\/v2\/pages\/40\/revisions"}],"predecessor-version":[{"id":1903,"href":"http:\/\/www.schulte-gutachten.net\/site\/wp-json\/wp\/v2\/pages\/40\/revisions\/1903"}],"wp:attachment":[{"href":"http:\/\/www.schulte-gutachten.net\/site\/wp-json\/wp\/v2\/media?parent=40"}],"curies":[{"name":"wp","href":"https:\/\/api.w.org\/{rel}","templated":true}]}}

<hr />
<p>Ich bearbeite Aufträge für Ministerien, Bundes- und Landesbehörden, Landkreise, Städte und Gemeinden, Unternehmen, Verbände, Stiftungen und Privatleute in ganz Deutschland sowie in angrenzenden Regionen.</p>
<h4><span style="color: #008080;"><strong>Behörden / Öffentliche Einrichtungen<br />
</strong></span></h4>
<ul>
<li><em>Bayerisches Landesamt für Umwelt</em></li>
<li><em>Bundesamt für Naturschutz (BfN)</em></li>
<li><em>Bundesanstalt für Straßenwesen (BASt)</em></li>
<li><em>Bundesministerium für Umwelt, Naturschutz und Reaktorsicherheit (BMUB)</em></li>
<li><em>Dienstleistungszentrum Ländlicher Raum Mosel (DLR Mosel)</em></li>
<li><em>Institut fir Biologesch Landwirtschaft an Agrarkultur a.s.b.l. (IBLA Luxemburg)<br />
</em></li>
<li><em>Kreis Wesel</em></li>
<li><em>Landesamt für Natur, Umwelt und Verbraucherschutz Nordrhein-Westfalen (LANUV)</em></li>
<li><em>Landesanstalt für Umwelt Baden-Württemberg (LUBW)</em></li>
<li><em>Landesamt für Umwelt Rheinland-Pfalz (LfU)</em></li>
<li><em>Landesbetrieb Liegenschafts- und Baubetreuung Niederlassung Trier</em><b></b></li>
<li><em>Landesbetrieb Mobilität Rheinland-Pfalz (LBM RP)</em></li>
<li><em>Landesbetrieb Straßenbau NRW</em></li>
<li><em>Landkreis Emsland</em></li>
<li><em>Landkreis Vechta</em></li>
<li><em>Luxembourg Institute of Science and Technology (LIST)</em></li>
<li><em>Nationales Naturhistorisches Museum Luxemburg</em></li>
<li><em>Niedersächsische Landesbehörde für Straßenbau und Verkehr (NLStBV)<br />
</em></li>
<li><em>Niedersächsischer Landesbetrieb für Wasserwirtschaft, Küsten- und Naturschutz (NLWKN)</em></li>
<li><em>Ortsgemeinde Fell</em></li>
<li><em>Ortsgemeinde Föhren</em></li>
<li><em>Regierung von Schwaben</em></li>
<li><em>Regierungspräsidium Kassel</em></li>
<li><em>Rhein-Sieg-Kreis, Projekt chance7</em></li>
<li><em>Stadt Bitburg</em></li>
<li><em>Stadt Hildesheim</em></li>
<li><em>Stadt Landau in der Pfalz</em></li>
<li><em>Stadt Monheim am Rhein</em></li>
<li><em>Stadt Trier</em></li>
<li><em>Stadt Wittlich</em></li>
<li><em>Umweltamt Stadt Gütersloh</em></li>
<li><em>Universität Osnabrück</em></li>
<li><em>Universität Trier</em></li>
<li><em>Verbandsgemeinde Schweich</em></li>
</ul>
<h4><span style="color: #008080;"><strong>Unternehmen</strong></span></h4>
<ul>
<li><em>Arbeitsgruppe für Tierökologie und Planung Jürgen Trautner</em></li>
<li><em>Baader Konzept GmbH</em></li>
<li><em>Büro für angewandte Geobotanik und Landschaftsökologie (BaGL), Dr. Karsten Horn</em></li>
<li><em>Büro für Landschaftsplanung, Ökologie und Umweltforschung Marcel Heinrichsdorff</em></li>
<li><em>BÜRO STRIX Naturschutz und Freilandökologie</em></li>
<li><em>BGHplan Umweltplanung und Landschaftsarchitektur GmbH<br />
</em></li>
<li><em>BMS – Umweltplanung Blüml, Schönheim &amp; Schönheim GbR</em></li>
<li><em>Cabooter Railterminal Kaldenkirchen GmbH</em></li>
<li><em>Claus Schmidtke Baustoffe GmbH<br />
</em></li>
<li><em>Cochet &amp; Consult GbR</em></li>
<li><em>Depenbrock Bau GmbH &amp; Co. KG</em></li>
<li><em>Deutsche Bahn Engineering &amp; Consulting (DB E &amp; C)</em></li>
<li><em>Deutsche Bahn InfraGo</em></li>
<li><em>Dreher+Sudhoff Ingenieurplanung GbR</em></li>
<li><em>Emsland Transportbeton GmbH &amp; Co. KG</em></li>
<li><em>Family Park Luxemburg</em></li>
<li><em>Faunistische Gutachten Dipl.-Geogr. Michael Schwartze</em></li>
<li><em>FMO Flughafen Münster/Osnabrück GmbH</em></li>
<li><em>formica GmbH</em></li>
<li><em>Franz Kaminiski Waggonbau GmbH<br />
</em></li>
<li><em>GFM-Umwelttechnik GmbH &amp; Co. KG</em></li>
<li><em>GOLDBECK Nord GmbH</em></li>
<li><em>GÖG &#8211; Gruppe für ökologische Gutachten GmbH</em></li>
<li><em>Graevendal GbR – Büro für Faunistik und Ökologie</em></li>
<li><em>Höke Landschaftsarchitektur / Umweltplanung GbR</em></li>
<li><em>HPC Harress Pickel Consult AG</em></li>
<li><em>Ingenieurbüro für Landschaftsplanung Arnd Faulenbach</em></li>
<li><em>Institut für Umweltstudien-IUS Weibel &amp; Ness GmbH</em></li>
<li><em>Jäger GmbH</em></li>
<li><em>Kortemeier Brokmann Landschaftsarchitekten GmbH</em></li>
<li><em>Landes Gartenschau Landau 2015 gemeinnützige GmbH</em></li>
<li><em>öKon &#8211; Angewandte Ökologie und Landschaftsplanung GmbH</em></li>
<li><em>Planungsbüro STERNA, Stefan Sudmann<br />
</em></li>
<li><em>RAG Montan Immobilien</em></li>
<li><em>Railcon Technologies GmbH</em></li>
<li><em>Rhein-Sieg-Abfallwirtschaftsgesellschaft mit beschränkter Haftung (RSAG)</em></li>
<li><em>Smals IKW B.v., Koninklijke Smals, Nederland</em></li>
<li><em>Spang Fischer Natzschka GmbH</em></li>
<li><em>Stadtwerke Wittlich</em></li>
<li><em>SWT Bäder GmbH, Trier</em></li>
<li><em>SWT Stadtwerke Trier Versorgungs-GmbH</em></li>
<li><em>Unnaer Kreis-Bau- und Siedlungsgesellschaft mbH (UKBS)</em></li>
<li><em>Wertkreis Gütersloh gGmbH</em></li>
</ul>
<h4><span style="color: #008080;"><strong>Vereine / Verbände / Stiftungen</strong></span></h4>
<ul>
<li><em>Aggerverband, Gummersbach </em></li>
<li><em>Biologische Station im Rhein-Sieg-Kreis e.V. </em></li>
<li><em>Deutsches Zentrum für Luft- und Raumfahrt e. V. (DLR)</em></li>
<li><em>Deutsche Bundesstiftung Umwelt (DBU)</em></li>
<li><em>Deutsche Gesellschaft für Herpetologie und Terrarienkunde e.V. (DGHT)</em></li>
<li><em>Naturschutzzentrum Gelderland</em></li>
<li><em>Umweltstiftung Gütersloh</em><em><br />
</em></li>
</ul>

<p>Ich bearbeite Aufträge für Ministerien, Bundes- und Landesbehörden, Landkreise, Städte und Gemeinden, Unternehmen, Verbände, Stiftungen und Privatleute in ganz Deutschland sowie in angrenzenden Regionen. Behörden / Öffentliche Einrichtungen Bayerisches Landesamt für Umwelt Bundesamt für Naturschutz (BfN) Bundesanstalt für Straßenwesen (BASt) Bundesministerium für Umwelt, Naturschutz und Reaktorsicherheit (BMUB) Dienstleistungszentrum Ländlicher Raum Mosel (DLR Mosel) Institut fir &hellip; <a href="http://www.schulte-gutachten.net/site/referenzprojekte/" class="more-link"><span class="screen-reader-text">Erfahrung</span> weiterlesen <span class="meta-nav">&rarr;</span></a></p>
