{"id":1427,"date":"2018-02-01T18:56:43","date_gmt":"2018-02-01T18:56:43","guid":{"rendered":"http:\/\/www.schulte-gutachten.net\/site\/?page_id=1427"},"modified":"2023-04-28T09:39:08","modified_gmt":"2023-04-28T09:39:08","slug":"ffh-monitoring-erfolgskontrollen","status":"publish","type":"page","link":"http:\/\/www.schulte-gutachten.net\/site\/referenzprojekte\/ffh-monitoring-erfolgskontrollen\/","title":{"rendered":"Monitoring \/ Erfolgskontrolle"},"content":{"rendered":"<h5>Auswahl an Projekten:<\/h5>\n<ul>\n<li class=\"western\">Erfassung von Schlingnatter und Kreuzotter im Biodiversit\u00e4tsprojekt RASch \u2013 Reptilien in den Landkreisen Lindau, Ostallg\u00e4u und Oberallg\u00e4u (AZ 51-8644-2\/191), Reptilien in den Landkreisen Neu-Ulm, G\u00fcnzburg, Dillingen und Donau-Ries (AZ 51-8644-2\/192) als Bietergemeinschaft BaGL Horn\/BfG Schulte (Auftraggeber: Regierung von Schwaben, 2023\/2024)<br \/>\n<hr \/>\n<\/li>\n<li class=\"western\">Monitoring von Amphibien an 13 Standorten im Werra-Mei\u00dfner-Kreis &#8211; Fokus Geburtshelferkr\u00f6te, Gelbbauchunke, Kreuzkr\u00f6te (Auftraggeber: Regierungspr\u00e4sidium Kassel, 2023)<br \/>\n<hr \/>\n<\/li>\n<li class=\"western\">FFH-Monitoring Reptilien in Baden-W\u00fcrttemberg (Auftraggeber: Landesanstalt f\u00fcr Umwelt Baden-W\u00fcrttemberg, LUBW, 2020-2023)<br \/>\n<hr \/>\n<\/li>\n<li>FFH-Monitoring von Schlingnatter (<em>Coronella austriaca<\/em>) und Zauneidechse (<em>Lacerta agilis<\/em>) in Niedersachsen (Auftraggeber: Nieders\u00e4chsischer Landesbetrieb f\u00fcr Wasserwirtschaft, K\u00fcsten- und Naturschutz, NLWKN, 2021)<br \/>\n<hr \/>\n<\/li>\n<li>Monitoring Reptilien nach der Vereinfachten Flurbereinigung Wolf, Mosel (Auftraggeber: Dienstleistungszentrum L\u00e4ndlicher Raum Mosel, 2019 und 2021)<br \/>\n<hr \/>\n<\/li>\n<\/ul>\n<ul>\n<li class=\"western\">Landesweites Arten-Stichproben-Monitoring \u2013Zauneidechse (<i>Lacerta agilis<\/i>) auf 19 Fl\u00e4chen in Baden-W\u00fcrttemberg (Auftraggeber: Landesanstalt f\u00fcr Umwelt Baden-W\u00fcrttemberg, LUBW, 2019\/2020)<\/li>\n<\/ul>\n<hr \/>\n<ul>\n<li>FFH-Monitoring von Schlingnatter (<em>Coronella austriaca<\/em>) und Zauneidechse (<em>Lacerta agilis<\/em>) in Niedersachsen (Auftraggeber: Nieders\u00e4chsischer Landesbetrieb f\u00fcr Wasserwirtschaft, K\u00fcsten- und Naturschutz, NLWKN, 2016)<\/li>\n<\/ul>\n<hr \/>\n<ul>\n<li>FFH-Monitoring von Geburtshelferkr\u00f6te (<em>Alytes obstetricans<\/em>), Gelbbauchunke (<em>Bombina variegata<\/em>), Kreuzkr\u00f6te (<em>Epidalea calamita<\/em>) und Springfrosch (<em>Rana dalmatina<\/em>) in Rheinland-Pfalz (Auftraggeber: Landesamt f\u00fcr Umwelt Rheinland-Pfalz, B\u00fcro Twelbeck, 2016)<\/li>\n<\/ul>\n<hr \/>\n<ul>\n<li>FFH-Monitoring des Kleinen Wasserfrosches (<em>Pelophylax lessonae<\/em>) an 6 Vorkommen am Niederrhein (Auftraggeber: B\u00fcro Graevendal, Naturschutzzentrum Gelderland, 2017)<\/li>\n<\/ul>\n<hr \/>\n<ul>\n<li>5-j\u00e4hriges Monitoring zur Erfolgskontrolle der Umsiedlung von Mauereidechsen bei der Landesgartenschau in Landau 2015 (Auftraggeber: Landesgartenschau Landau 2015 gemeinn\u00fctzige GmbH, Stadt Landau, 2012-2016)<\/li>\n<\/ul>\n<hr \/>\n<ul>\n<li>FFH-Monitoring von Zauneidechse (<em>Lacerta agilis<\/em>), Westlicher Smaragdeidechse (<em>Lacerta bilineata<\/em>), Mauereidechse (<em>Podarcis muralis<\/em>) und Schlingnatter (<em>Coronella austriaca<\/em>) in Rheinland-Pfalz (Auftraggeber: Landesamt f\u00fcr Umwelt Rheinland-Pfalz, B\u00fcro Twelbeck, 2015)<img loading=\"lazy\" decoding=\"async\" class=\"size-full wp-image-938 aligncenter\" src=\"http:\/\/www.schulte-gutachten.net\/site\/wp-content\/uploads\/2015\/07\/ffhrp2.jpg\" alt=\"\" width=\"1948\" height=\"529\" srcset=\"http:\/\/www.schulte-gutachten.net\/site\/wp-content\/uploads\/2015\/07\/ffhrp2.jpg 1948w, http:\/\/www.schulte-gutachten.net\/site\/wp-content\/uploads\/2015\/07\/ffhrp2-300x81.jpg 300w, http:\/\/www.schulte-gutachten.net\/site\/wp-content\/uploads\/2015\/07\/ffhrp2-768x209.jpg 768w, http:\/\/www.schulte-gutachten.net\/site\/wp-content\/uploads\/2015\/07\/ffhrp2-1024x278.jpg 1024w\" sizes=\"auto, (max-width: 1948px) 100vw, 1948px\" \/><img loading=\"lazy\" decoding=\"async\" class=\"size-full wp-image-935 aligncenter\" src=\"http:\/\/www.schulte-gutachten.net\/site\/wp-content\/uploads\/2015\/07\/ffhrpn.jpg\" alt=\"\" width=\"1972\" height=\"508\" srcset=\"http:\/\/www.schulte-gutachten.net\/site\/wp-content\/uploads\/2015\/07\/ffhrpn.jpg 1972w, http:\/\/www.schulte-gutachten.net\/site\/wp-content\/uploads\/2015\/07\/ffhrpn-300x77.jpg 300w, http:\/\/www.schulte-gutachten.net\/site\/wp-content\/uploads\/2015\/07\/ffhrpn-768x198.jpg 768w, http:\/\/www.schulte-gutachten.net\/site\/wp-content\/uploads\/2015\/07\/ffhrpn-1024x264.jpg 1024w\" sizes=\"auto, (max-width: 1972px) 100vw, 1972px\" \/><\/li>\n<\/ul>\n","protected":false},"excerpt":{"rendered":"<p>Auswahl an Projekten: Erfassung von Schlingnatter und Kreuzotter im Biodiversit\u00e4tsprojekt RASch \u2013 Reptilien in den Landkreisen Lindau, Ostallg\u00e4u und Oberallg\u00e4u (AZ 51-8644-2\/191), Reptilien in den Landkreisen Neu-Ulm, G\u00fcnzburg, Dillingen und Donau-Ries (AZ 51-8644-2\/192) als Bietergemeinschaft BaGL Horn\/BfG Schulte (Auftraggeber: Regierung von Schwaben, 2023\/2024) Monitoring von Amphibien an 13 Standorten im Werra-Mei\u00dfner-Kreis &#8211; Fokus Geburtshelferkr\u00f6te, Gelbbauchunke, &hellip; <a href=\"http:\/\/www.schulte-gutachten.net\/site\/referenzprojekte\/ffh-monitoring-erfolgskontrollen\/\" class=\"more-link\"><span class=\"screen-reader-text\">Monitoring \/ Erfolgskontrolle<\/span> weiterlesen <span class=\"meta-nav\">&rarr;<\/span><\/a><\/p>\n","protected":false},"author":1,"featured_media":0,"parent":40,"menu_order":0,"comment_status":"closed","ping_status":"closed","template":"","meta":{"footnotes":""},"class_list":["post-1427","page","type-page","status-publish","hentry"],"_links":{"self":[{"href":"http:\/\/www.schulte-gutachten.net\/site\/wp-json\/wp\/v2\/pages\/1427","targetHints":{"allow":["GET"]}}],"collection":[{"href":"http:\/\/www.schulte-gutachten.net\/site\/wp-json\/wp\/v2\/pages"}],"about":[{"href":"http:\/\/www.schulte-gutachten.net\/site\/wp-json\/wp\/v2\/types\/page"}],"author":[{"embeddable":true,"href":"http:\/\/www.schulte-gutachten.net\/site\/wp-json\/wp\/v2\/users\/1"}],"replies":[{"embeddable":true,"href":"http:\/\/www.schulte-gutachten.net\/site\/wp-json\/wp\/v2\/comments?post=1427"}],"version-history":[{"count":12,"href":"http:\/\/www.schulte-gutachten.net\/site\/wp-json\/wp\/v2\/pages\/1427\/revisions"}],"predecessor-version":[{"id":1816,"href":"http:\/\/www.schulte-gutachten.net\/site\/wp-json\/wp\/v2\/pages\/1427\/revisions\/1816"}],"up":[{"embeddable":true,"href":"http:\/\/www.schulte-gutachten.net\/site\/wp-json\/wp\/v2\/pages\/40"}],"wp:attachment":[{"href":"http:\/\/www.schulte-gutachten.net\/site\/wp-json\/wp\/v2\/media?parent=1427"}],"curies":[{"name":"wp","href":"https:\/\/api.w.org\/{rel}","templated":true}]}}